 the remainder when 9308 is divided by 3066?
110
What is the remainder when 7017 is divided by 584?
9
What is the remainder when 1415 is divided by 272?
55
Calculate the remainder when 47577 is divided by 2.
1
What is the remainder when 86682 is divided by 7879?
13
What is the remainder when 35919 is divided by 72?
63
Calculate the remainder when 4648092 is divided by 22.
20
What is the remainder when 141574 is divided by 198?
4
Calculate the remainder when 544078 is divided by 167.
159
Calculate the remainder when 17989 is divided by 2248.
5
Calculate the remainder when 346603 is divided by 146.
145
What is the remainder when 2100 is divided by 2035?
65
Calculate the remainder when 186217 is divided by 2820.
97
What is the remainder when 11545 is divided by 62?
13
Calculate the remainder when 4922 is divided by 543.
35
Calculate the remainder when 101077 is divided by 380.
377
What is the remainder when 53746 is divided by 164?
118
Calculate the remainder when 1443 is divided by 110.
13
What is the remainder when 120051 is divided by 1396?
1391
What is the remainder when 26416 is divided by 181?
171
Calculate the remainder when 101627 is divided by 8464.
59
What is the remainder when 2887 is divided by 513?
322
Calculate the remainder when 809688 is divided by 43.
41
What is the remainder when 37547 is divided by 14?
13
Calculate the remainder when 423715 is divided by 23.
9
Calculate the remainder when 92965 is divided by 15.
10
Calculate the remainder when 53340 is divided by 26659.
22
Calculate the remainder when 3902 is divided by 72.
14
What is the remainder when 3696633 is divided by 839?
838
What is the remainder when 492 is divided by 438?
54
What is the remainder when 1339 is divided by 129?
49
Calculate the remainder when 3229 is divided by 3220.
9
Calculate the remainder when 2111065 is divided by 31.
27
What is the remainder when 2169 is divided by 281?
202
Calculate the remainder when 2880 is divided by 625.
380
Calculate the remainder when 602 is divided by 3.
2
Calculate the remainder when 7649 is divided by 30.
29
What is the remainder when 15963 is divided by 18?
15
Calculate the remainder when 20926 is divided by 187.
169
Calculate the remainder when 22544 is divided by 196.
4
What is the remainder when 2777 is divided by 12?
5
What is the remainder when 1156 is divided by 87?
25
What is the remainder when 12831 is divided by 131?
124
Calculate the remainder when 94552 is divided by 54.
52
What is the remainder when 25135 is divided by 442?
383
What is the remainder when 90449 is divided by 152?
9
Calculate the remainder when 15101 is divided by 630.
611
Calculate the remainder when 58777 is divided by 189.
187
Calculate the remainder when 3859 is divided by 71.
25
What is the remainder when 8586 is divided by 8566?
20
Calculate the remainder when 62066 is divided by 453.
5
What is the remainder when 991393 is divided by 28?
25
Calculate the remainder when 2776 is divided by 1319.
138
Calculate the remainder when 2484 is divided by 536.
340
What is the remainder when 4484 is divided by 1492?
8
Calculate the remainder when 61487 is divided by 123.
110
What is the remainder when 9820 is divided by 61?
60
Calculate the remainder when 4798 is divided by 439.
408
Calculate the remainder when 12579 is divided by 110.
39
What is the remainder when 27404 is divided by 133?
6
What is the remainder when 460 is divided by 460?
0
Calculate the remainder when 1312903 is divided by 98.
95
Calculate the remainder when 5798 is divided by 1895.
113
What is the remainder when 811461 is divided by 81145?
11
What is the remainder when 3962 is divided by 91?
49
What is the remainder when 16006 is divided by 1231?
3
Calculate the remainder when 5916 is divided by 191.
186
What is the remainder when 46325 is divided by 348?
41
Calculate the remainder when 14954 is divided by 14933.
21
Calculate the remainder when 25195 is divided by 194.
169
What is the remainder when 317093 is divided by 129?
11
What is the remainder when 27563 is divided by 18?
5
Calculate the remainder when 18034 is divided by 300.
34
Calculate the remainder when 9305 is divided by 41.
39
What is the remainder when 44797 is divided by 50?
47
Calculate the remainder when 28809 is divided by 689.
560
What is the remainder when 4664 is divided by 364?
296
Calculate the remainder when 27471 is divided by 2746.
11
What is the remainder when 71102 is divided by 35533?
36
What is the remainder when 849889 is divided by 298?
291
Calculate the remainder when 1776 is divided by 417.
108
Calculate the remainder when 8962 is divided by 138.
130
Calculate the remainder when 8250 is divided by 318.
300
What is the remainder when 371394 is divided by 39?
36
What is the remainder when 14351 is divided by 4779?
14
Calculate the remainder when 13628 is divided by 651.
608
What is the remainder when 270544 is divided by 39?
1
What is the remainder when 3682 is divided by 98?
56
Calculate the remainder when 6079 is divided by 203.
192
What is the remainder when 3210 is divided by 2846?
364
What is the remainder when 2138 is divided by 430?
418
Calculate the remainder when 2210 is divided by 265.
90
Calculate the remainder when 720436 is divided by 147.
136
What is the remainder when 25724 is divided by 83?
77
Calculate the remainder when 4565 is divided by 24.
5
Calculate the remainder when 6056 is divided by 753.
32
Calculate the remainder when 4979 is divided by 10.
9
Calculate the remainder when 55769 is divided by 78.
77
Calculate the remainder when 845 is divided by 367.
111
Calculate the remainder when 5085 is divided by 78.
15
What is the remainder when 33030 is divided by 210?
60
What is the remainder when 5766 is divided by 2882?
2
What is the remainder when 122933 is divided by 2195?
13
What is the remainder when 2837 is divided by 564?
17
What is the remainder when 44106 is divided by 334?
18
Calculate the remainder when 1300 is divided by 259.
5
What is the remainder when 1575 is divided by 447?
234
What is the remainder when 266768 is divided by 289?
21
Calculate the remainder when 922 is divided by 5.
2
What is the remainder when 31294 is divided by 3468?
82
What is the remainder when 59748 is divided by 4596?
0
What is the remainder when 29350 is divided by 1048?
6
What is the remainder when 351457 is divided by 15?
7
What is the remainder when 27057 is divided by 1932?
9
What is the remainder when 69977 is divided by 147?
5
Calculate the remainder when 30269 is divided by 2321.
96
What is the remainder when 17807 is divided by 95?
42
Calculate the remainder when 1900 is divided by 249.
157
What is the remainder when 2022 is divided by 546?
384
Calculate the remainder when 4159 is divided by 85.
79
What is the remainder when 114392 is divided by 4973?
13
Calculate the remainder when 257068 is divided by 1339.
1319
What is the remainder when 678999 is divided by 50?
49
Calculate the remainder when 9470 is divided by 2115.
1010
Calculate the remainder when 30755 is divided by 195.
140
What is the remainder when 36146 is divided by 111?
71
What is the remainder when 6942 is divided by 230?
42
Calculate the remainder when 155243 is divided by 305.
303
Calculate the remainder when 3070 is divided by 41.
36
What is the remainder when 56136 is divided by 63?
3
Calculate the remainder when 49806 is divided by 631.
588
Calculate the remainder when 3915 is divided by 1202.
309
Calculate the remainder when 531294 is divided by 53127.
24
What is the remainder when 3443805 is divided by 348?
345
Calculate the remainder when 237670 is divided by 143.
4
What is the remainder when 9175 is divided by 9163?
12
Calculate the remainder when 1659 is divided by 131.
87
Calculate the remainder when 1396 is divided by 131.
86
Calculate the remainder when 3166919 is divided by 24.
23
What is the remainder when 537594 is divided by 59732?
6
What is the remainder when 78268 is divided by 6515?
88
Calculate the remainder when 564 is divided by 183.
15
What is the remainder when 4418 is divided by 1468?
14
Calculate the remainder when 1827 is divided by 84.
63
What is the remainder when 28029 is divided by 289?
285
Calculate the remainder when 99383 is divided by 164.
163
What is the remainder when 5399 is